e factors of 32032464.
2, 3, 467, 1429
List the prime factors of 64774864.
2, 7, 11, 29, 37
What are the prime factors of 22271147?
22271147
What are the prime factors of 1340508788?
2, 5503, 60899
What are the prime factors of 48831428?
2, 12207857
What are the prime factors of 171525346?
2, 937, 91529
List the prime factors of 678716271.
3, 19, 37, 107273
What are the prime factors of 54857907?
3, 13, 36067
List the prime factors of 2800959456.
2, 3, 43, 229, 2963
What are the prime factors of 1421848944?
2, 3, 3291317
What are the prime factors of 3501140439?
3, 14947, 78079
List the prime factors of 142707285.
3, 5, 7, 151013
List the prime factors of 4247259314.
2, 59, 1229, 29287
What are the prime factors of 166917669?
3, 167, 211, 1579
List the prime factors of 22005478.
2, 11, 1000249
List the prime factors of 2061864732.
2, 3, 613, 280297
What are the prime factors of 3430149707?
25343, 135349
What are the prime factors of 86698123?
997, 86959
What are the prime factors of 985499994?
2, 3, 1861, 88259
What are the prime factors of 524198797?
524198797
List the prime factors of 63536055.
3, 5, 11, 17, 22651
What are the prime factors of 1076427426?
2, 3, 12043, 14897
What are the prime factors of 15427012?
2, 19, 202987
List the prime factors of 205464469.
7, 29352067
What are the prime factors of 6075474704?
2, 13, 29209013
List the prime factors of 3126418106.
2, 7, 23, 2161, 4493
List the prime factors of 266414330.
2, 5, 7, 13, 47, 6229
What are the prime factors of 155281489?
11, 37, 381527
List the prime factors of 19403782.
2, 9701891
List the prime factors of 1312339306.
2, 31, 21166763
What are the prime factors of 878742473?
7, 1129, 111191
List the prime factors of 1365222878.
2, 682611439
List the prime factors of 2852304982.
2, 17, 43, 97, 20113
List the prime factors of 1505810856.
2, 3, 11, 227, 25127
What are the prime factors of 19639881?
3, 97, 7499
List the prime factors of 2920325609.
2920325609
List the prime factors of 298377924.
2, 3, 13, 1912679
List the prime factors of 808895394.
2, 3, 17, 131, 1187
List the prime factors of 40979122.
2, 20489561
What are the prime factors of 182157473?
479, 380287
List the prime factors of 1819307484.
2, 3, 50536319
What are the prime factors of 910291453?
910291453
List the prime factors of 93566089.
19, 4924531
What are the prime factors of 185128379?
353, 367, 1429
What are the prime factors of 113875442?
2, 151, 377071
List the prime factors of 1070902387.
1070902387
What are the prime factors of 164764261?
43, 3831727
What are the prime factors of 571997795?
5, 307, 372637
What are the prime factors of 1058105443?
1058105443
List the prime factors of 149092370.
2, 5, 7, 2129891
What are the prime factors of 13266723?
3, 4422241
What are the prime factors of 7849088906?
2, 37, 106068769
List the prime factors of 1302130401.
3, 11, 13, 19, 107, 1493
List the prime factors of 2754350806.
2, 29, 31, 1531897
What are the prime factors of 1209172460?
2, 5, 2267, 26669
List the prime factors of 41575416.
2, 3, 383, 4523
List the prime factors of 207207730.
2, 5, 17, 19, 64151
List the prime factors of 64072971.
3, 67, 35419
List the prime factors of 3269510468.
2, 7, 953, 122527
List the prime factors of 50689435.
5, 19, 533573
What are the prime factors of 678104850?
2, 3, 5, 31, 145829
List the prime factors of 5310541135.
5, 19, 55900433
What are the prime factors of 829749670?
2, 5, 89, 932303
List the prime factors of 126446805.
3, 5, 19, 49297
List the prime factors of 344475445.
5, 569, 121081
List the prime factors of 66745931.
7, 23, 414571
What are the prime factors of 8324272030?
2, 5, 18593, 44771
List the prime factors of 1576730297.
17, 92748841
What are the prime factors of 4316774117?
59, 641, 114143
List the prime factors of 219300310.
2, 5, 617, 35543
What are the prime factors of 3161516217?
3, 311, 1753, 1933
What are the prime factors of 1266712904?
2, 337, 469849
What are the prime factors of 1587864912?
2, 3, 109, 303491
What are the prime factors of 7854983?
23, 341521
What are the prime factors of 318190770?
2, 3, 5, 881, 4013
List the prime factors of 12801998.
2, 11, 581909
List the prime factors of 2187150757.
11, 271, 733697
What are the prime factors of 35492449?
35492449
List the prime factors of 2679468504.
2, 3, 73, 1529377
List the prime factors of 39132661.
2179, 17959
What are the prime factors of 112430775?
3, 5, 17, 109, 809
List the prime factors of 40167387.
3, 13, 19, 317
List the prime factors of 616306979.
59, 10445881
List the prime factors of 896029619.
947, 946177
What are the prime factors of 29713142?
2, 1021, 14551
List the prime factors of 8121995194.
2, 101, 197, 204101
List the prime factors of 281862894.
2, 3, 757, 62057
What are the prime factors of 51008870?
2, 5, 11, 463717
List the prime factors of 25433322.
2, 3, 53, 79979
What are the prime factors of 3500521935?
3, 5, 17, 97, 137, 1033
List the prime factors of 1265654017.
59, 21451763
What are the prime factors of 128998396?
2, 53, 608483
List the prime factors of 710432489.
13, 54648653
List the prime factors of 153263130.
2, 3, 5, 5108771
What are the prime factors of 2088234049?
11, 17, 11167027
What are the prime factors of 50215426?
2, 25107713
List the prime factors of 1552132722.
2, 3, 7, 29, 182047
List the prime factors of 2145410917.
13, 165031609
What are the prime factors of 18541616?
2, 79, 14669
List the prime factors of 314649897.
3, 8081, 12979
List the prime factors of 33258005.
5, 11, 37, 59, 277
List the prime factors of 1626533202.
2, 3, 7, 38726981
What are the prime factors of 51845611?
23, 2254157
What are the prime factors of 77521304?
2, 7, 1384309
What are the prime factors of 1141430481?
3, 42275203
What are the prime factors of 29050385?
5, 7, 13, 1303
What are the prime factors of 4471817911?
11, 2053, 198017
List the prime factors of 1011463177.
827, 1223051
List the prime factors of 245023642.
2, 122511821
List the prime factors of 814507885.
5, 47, 3465991
What are the prime factors of 236420388?
2, 3, 1237, 5309
What are the prime factors of 565454865?
3, 5, 37696991
List the prime factors of 74632756.
2, 11, 1696199
What are the prime factors of 214019037?
3, 593, 13367
What are the prime factors of 62535054?
2, 3, 127, 82067
What are the prime factors of 113070359?
53, 2133403
List the prime factors of 43354056.
2, 3, 41, 44059
List the prime factors of 93955152.
2, 3, 19, 71, 1451
What are the prime factors of 1401580885?
5, 19, 683, 21601
List the prime factors of 125590951.
17, 31, 238313
What are the prime factors of 1901896642?
2, 47, 151, 133993
List the prime factors of 7272074903.
43, 12601, 13421
What are the prime factors of 251469169?
7, 35924167
What are the prime factors of 28080292?
2, 7020073
List the prime factors of 2166483861.
3, 80240143
What are the prime factors of 4089553140?
2, 3, 5, 53, 59, 71, 307
What are the prime factors of 545945712?
2, 3, 13, 31, 167
List the prime factors of 3111897073.
17, 2543, 71983
List the prime factors of 5262260509.
11, 31, 37, 569, 733
What are the prime factors of 265725237?
3, 88575079
What are the prime factors of 42966459?
3, 4774051
List the prime factors of 6583226364.
2, 3, 11, 13, 727, 1759
What are the prime factors of 44138235?
3, 5, 19, 154871
What are the prime factors of 66253281?
3, 22084427
List the prime factors of 1048716656.
2, 13, 387839
What are the prime factors of 31062568?
2, 19, 204359
What are the prime factors of 63178034?
2, 31589017
List the prime factors of 4083657891.
3, 131, 541, 19207
List the prime factors of 1473988683.
3, 491329561
What are the prime factors of 371179510?
2, 5, 13, 61, 46807
What are the prime factors of 61070890?
2, 5, 131, 46619
List the prime factors of 1080647848.
2, 7, 31, 622493
What are the prime factors of 540618776?
2, 521, 129707
List the prime factors of 2371200831.
3, 7603, 11551
List the prime factors of 18986840.
2, 5, 474671
What are the prime factors of 707702614?
2, 19, 18623753
List the prime factors of 6271687804.
2, 17, 251, 367453
List the prime factors of 419745584.
2, 23, 53, 21521
What are the prime factors of 1222137840?
2, 3, 5, 7, 11, 41, 1613
List the prime factors of 224507056.
2, 1427, 9833
L